pose -6 = 2*d, x + 0*d - 4*d - 399 = 0. What is the highest common divisor of 108 and x?
9
Suppose -4*m + 84 = -0*m. Let f be (-62)/(-6) - 7/m. Let u(b) = -9*b - 20. Let q be u(-10). Calculate the greatest common factor of q and f.
10
Suppose 3*y + y = 0. Suppose b + f = 70, y = 3*b + 3*f - f - 210. Let w be ((-12)/7)/((-4)/b). What is the highest common factor of w and 10?
10
Suppose -5*s - 3*g + 13 = 0, 72*s - 4*g = 69*s + 2. What is the greatest common factor of 510 and s?
2
Let g = 22 + -15. Suppose -g = -4*t + 137. What is the greatest common factor of t and 12?
12
Let v be 2/(-10) + (-6)/(-30) - 12. Let b be 3/(4/((-256)/v)). Let z be (0 - -60)*(-2)/(-3). Calculate the greatest common divisor of z and b.
8
Suppose 0 = 117*j + 5*j - 3172. Suppose -12 = -4*s, -3*u = s - 4*s - 30. What is the highest common factor of j and u?
13
Let s(a) = -7*a**2 - 8*a + 3 + 4*a**2 - a**3 + 0*a**3 - 5*a**2. Let q be s(-7). Suppose 0*b = -2*b + q. What is the greatest common divisor of b and 25?
5
Let z be 10 + -5 + 2 - 1. Let h be 4 - -2*200/5. What is the greatest common divisor of h and z?
6
Suppose 0 = -3*y + 9*y - 5160. Suppose 9*z - y = 274. What is the greatest common divisor of z and 42?
42
Let k = 16 - 0. Suppose 0 = h - 24 + 8. What is the highest common divisor of h and k?
16
Let o be 2 + -5 - 48 - (0 - -2). Let s = 99 + o. Calculate the highest common factor of s and 23.
23
Let p(d) = d**2 - 7*d + 8. Let t be p(6). Suppose 0 = n + t*b - 4, -4*n = -3*n - 3*b + 1. Suppose -26 = -4*i + n. What is the greatest common factor of i and 7?
7
Let q(l) = -l**3 - 13*l**2 + 10. Let u = -43 + 30. Let v be q(u). Let w = -150 + 240. Calculate the greatest common divisor of v and w.
10
Let i = 44 - 22. Suppose 0 = -3*v + 3, -2*a - 5*v = -9. Suppose a*h = h + i. Calculate the highest common divisor of 44 and h.
22
Suppose 0 = 2*j + 4*k - 30, 52 = 3*j - k - 0*k. Let z(s) = -2*s**3 + 30*s + 145. Let h be z(-4). What is the highest common factor of j and h?
17
Suppose -2*u - 15 = -3*c - 116, -5*c - 103 = -2*u. What is the greatest common factor of u and 1421?
49
Let u = 43 - 31. Let y(z) = z + 5. Suppose -4*q - 6 = t, t = 4*t - 6. Let i be y(q). Calculate the greatest common divisor of u and i.
3
Suppose -3*r + 3*t + 915 = 0, -5*r - t + 1394 + 125 = 0. What is the highest common divisor of r and 19?
19
Let m = 723 - 679. What is the greatest common divisor of m and 187?
11
Let s = 10 + -3. Let b = -95 + 102. What is the greatest common divisor of s and b?
7
Let r = 66 + -34. Let l be (-12)/1*(-56)/r. Calculate the highest common factor of 3 and l.
3
Suppose 0 = -2*h + 44 + 28. Let f(n) = n + 14. Let a(s) = 1. Let o(c) = -2*a(c) + f(c). Let j be o(0). Calculate the highest common divisor of h and j.
12
Suppose 5*o = 5*s - 305, 162 = -3*o - 2*s - 31. Let f be o/42 + 18/4. What is the highest common divisor of f and 24?
3
Let z(m) = -m**3 - 27*m**2 - 49*m + 35. Let k be z(-25). Calculate the highest common factor of 80 and k.
10
Let r be (36/21)/((-22)/(-7623)). Calculate the greatest common divisor of 99 and r.
99
Let p be 38*(10/55 + 36/44). Calculate the highest common divisor of p and 1862.
38
Suppose 9 = 12*r - 51. Suppose -4*o - 16 = 4*p, 0 = -p - 5*o + 6 - 30. What is the highest common divisor of p and r?
1
Let a be (9/(-12)*11)/((-3)/20). Let f = -21 + 29. Suppose -2*q = -f, -5*b + q + 98 + 8 = 0. What is the highest common factor of a and b?
11
Suppose 7*f - 6*f - 2*x - 52 = 0, -3*f + x = -181. Calculate the highest common factor of f and 992.
62
Suppose 62*q = 72*q - 440. Let g be (62/3)/((-1)/(-9)). Let o = g - 120. What is the highest common factor of q and o?
22
Let q(l) = l**3 + 29*l**2 + 29*l + 54. Let a be q(-28). What is the highest common divisor of 130 and a?
26
Let t(b) = 14*b**2 + 12. Let g be t(-3). What is the greatest common factor of g and 6?
6
Suppose -18 = -12*s + 3*s. Calculate the greatest common factor of s and 6.
2
Let x be (-3)/9 - 698/(-6)*1. Suppose 4*i - 64 = x. What is the greatest common factor of i and 18?
9
Let p = -5 - -6. What is the highest common factor of 3 and p?
1
Suppose -3*d + 69 = -0*d + 3*g, 0 = -3*d - g + 79. Let r be (-42)/d*(2 + 0). Let o be r/(-2)*(-28)/(-2). What is the greatest common factor of 42 and o?
21
Let d(a) = a**2 - 7*a + 6. Let m be d(6). Let j be (-66)/(2 + (m - 4)). What is the highest common factor of 3 and j?
3
Let v be 2/(-9)*(-17 + 8). Calculate the greatest common divisor of v and 68.
2
Suppose 4*k + 2*v = 30, 3*v + 42 = 5*k + v. Suppose -5*j + 151 = -129. Calculate the highest common factor of k and j.
8
Suppose -4*y - 2*c + 324 = 0, c = -3*y - 2*c + 249. Suppose -5*f + 3*d + y = 0, 0*f - 4*f - 4*d + 44 = 0. Calculate the greatest common factor of 35 and f.
7
Let g = 27 + 63. Let c(a) = -a**3 + 8*a**2 + a + 2. Let s be c(8). Calculate the highest common factor of g and s.
10
Let u be (9 + -8)*(-154)/(-2). Suppose 3*m + h - 6*h = 41, 3*m - 46 = 4*h. Calculate the highest common factor of m and u.
11
Suppose -3*f - s = -2837, 0 = -f - 4*f + 2*s + 4721. What is the highest common factor of f and 45?
45
Suppose 0 = 2*x + 4, -3*x + 45 = 2*r - 249. Calculate the greatest common factor of 180 and r.
30
Suppose -5*i + 8783 - 3378 = 0. What is the greatest common factor of 47 and i?
47
Let g = 34 + -1. Suppose 13*f - 370 = g. Calculate the highest common factor of f and 31.
31
Let n = -153 - -157. What is the highest common factor of 7 and n?
1
Suppose 2*q + 5*s - 61 = 0, 2*q - 2*s = -4*s + 46. Calculate the highest common divisor of q and 144.
18
Let h = -36 - -40. Suppose 0 = -134*y + 129*y + 160. What is the highest common divisor of h and y?
4
Let x(s) = -2*s**3 - 12*s**2 - 3*s + 4. Let w be x(-6). Calculate the greatest common factor of w and 242.
22
Suppose -t + 10 = b - 21, 2*t - 47 = b. Calculate the highest common divisor of 65 and t.
13
Let p = 165 - 91. Let w be (-3)/(1 - -5)*p. Let t = w - -106. What is the greatest common factor of 46 and t?
23
Suppose -4*u - p - p + 12 = 0, 3*u + 3*p - 9 = 0. Let b = 0 - u. Let g = 4 - b. What is the greatest common divisor of 77 and g?
7
Suppose -82*c + 83*c - 112 = 0. Calculate the greatest common factor of 168 and c.
56
Suppose 216 = -2*y - 188. Let a be ((-4)/(-10))/(y/(-200) + -1). What is the greatest common factor of 320 and a?
40
Let y(k) = 3*k**3 - 4*k**2 + 2*k + 3. Let g be y(3). Let a = g - 43. Calculate the greatest common divisor of a and 66.
11
Suppose -3*z = 5*u - 173, 21*z + 4*u = 20*z + 60. Calculate the highest common factor of 1736 and z.
56
Let w(j) = 6 + 1 - j + 9. Suppose -14*p + 126 = -28. Let s be w(p). Calculate the highest common divisor of 5 and s.
5
Let w(v) = v**3 + 14*v**2 + 16*v + 12. Let d be w(-12). What is the greatest common divisor of d and 24?
12
Suppose 4*y - 383 - 98 = -5*n, -n - 594 = -5*y. What is the highest common divisor of y and 17?
17
Suppose -5*s + 237 = 3*r - 75, 0 = 3*r - 2*s - 312. Let g = r - -4. Calculate the highest common divisor of 36 and g.
36
Suppose 4*h + 9*h - 182 = 0. What is the highest common divisor of h and 14?
14
Suppose -34 = 6*l - 322. Calculate the greatest common factor of 12 and l.
12
Suppose 0*s - 2*s + 20 = 0. Suppose -3*y + 315 = 105. What is the greatest common factor of y and s?
10
Suppose -2*f + 13*f = 880. Suppose 5*o - 4*h = -h + 28, 22 = 5*o + 3*h. Calculate the highest common factor of f and o.
5
Let x be (-878)/(-4) + 1/2. Suppose -13516 + 13636 = 6*d. What is the greatest common factor of x and d?
20
Suppose 18 = 3*s + 3. Suppose -3*g = -s*z - 4, z + 20 = 2*g + g. Calculate the greatest common divisor of g and 4.
4
Let j = 66 + -36. Let f = 50 + -47. Calculate the greatest common factor of j and f.
3
Let p(y) = -y**2 - 19*y + 23. Let w be p(-20). Suppose 28 = a + 4*f - 23, -w*a - 3*f = -108. Calculate the highest common factor of a and 31.
31
Let c(y) = 2*y**2 - 34*y + 11. Let r be c(17). Suppose -a - 435 = -5*x, 2*x - 2*a - 85 = 81. What is the highest common factor of r and x?
11
Suppose -3*h - 1 = 5, 0 = -5*d - 3*h + 14. Suppose -131 = -5*y + 9. What is the highest common factor of d and y?
4
Let k(g) = g**2 + 8*g + 8. Let j be k(-8). Suppose -2*m = 2*m - j. Suppose i + m*i = 39. What is the greatest common divisor of 143 and i?
13
Let c be -7 - (-1352)/32 - 12/(-16).